{"id":34,"date":"2022-09-08T10:40:12","date_gmt":"2022-09-08T08:40:12","guid":{"rendered":"https:\/\/jeuxtoto.com\/?page_id=34"},"modified":"2022-11-29T11:56:51","modified_gmt":"2022-11-29T10:56:51","slug":"les-aventures-de-toto","status":"publish","type":"page","link":"https:\/\/jeuxtoto.com\/index.php\/les-aventures-de-toto\/","title":{"rendered":"Les Aventures de Toto"},"content":{"rendered":"\n<h3 class=\"has-text-align-center has-white-background-color has-text-color has-background has-large-font-size wp-block-heading\" style=\"color:#0077ff\"><strong>Toto \u00c9pisode n\u00b01 \u00abDisparition des cadeaux\u00bb<\/strong><\/h3>\n\n\n\n<figure class=\"wp-block-embed is-type-video is-provider-youtube wp-block-embed-youtube wp-embed-aspect-16-9 wp-has-aspect-ratio\"><div class=\"wp-block-embed__wrapper\">\n<iframe loading=\"lazy\" title=\"Toto \u00e9pisode 1 : Disparition des cadeaux \ud83c\udf81\u2753\" width=\"525\" height=\"295\" src=\"https:\/\/www.youtube.com\/embed\/55ON6zpZC6w?feature=oembed\" frameborder=\"0\" allow=\"accelerometer; autoplay; clipboard-write; encrypted-media; gyroscope; picture-in-picture; web-share\" referrerpolicy=\"strict-origin-when-cross-origin\" allowfullscreen><\/iframe>\n<\/div><\/figure>\n\n\n\n<h3 class=\"has-text-align-center has-white-background-color has-text-color has-background has-large-font-size wp-block-heading\" style=\"color:#0077ff\"><strong>Toto \u00c9pisode n\u00b02 \u00abToto \u00e0 la p\u00eache et sauve le lac\u00bb<\/strong><\/h3>\n\n\n\n<figure class=\"wp-block-embed is-type-video is-provider-youtube wp-block-embed-youtube wp-embed-aspect-16-9 wp-has-aspect-ratio\"><div class=\"wp-block-embed__wrapper\">\n<iframe loading=\"lazy\" title=\"TOTO \u00e9pisode 2 : Toto \u00e0 la p\u00eache et sauve la plan\u00e8te\" width=\"525\" height=\"295\" src=\"https:\/\/www.youtube.com\/embed\/Zsu8A_voy_8?feature=oembed\" frameborder=\"0\" allow=\"accelerometer; autoplay; clipboard-write; encrypted-media; gyroscope; picture-in-picture; web-share\" referrerpolicy=\"strict-origin-when-cross-origin\" allowfullscreen><\/iframe>\n<\/div><\/figure>\n\n\n\n<h2 class=\"has-text-align-center has-white-background-color has-text-color has-background has-large-font-size wp-block-heading\" style=\"color:#0077ff\"><strong>Toto \u00c9pisode n\u00b03 \u00abLes vacances de Toto\u00bb<\/strong><\/h2>\n\n\n\n<figure class=\"wp-block-embed is-type-video is-provider-youtube wp-block-embed-youtube wp-embed-aspect-16-9 wp-has-aspect-ratio\"><div class=\"wp-block-embed__wrapper\">\n<iframe loading=\"lazy\" title=\"TOTO \u00e9pisode 3 : les vacances de Toto \u26f1 \ud83c\udfd6 \ud83c\udfdd\" width=\"525\" height=\"295\" src=\"https:\/\/www.youtube.com\/embed\/Vc2vzFcKO9s?feature=oembed\" frameborder=\"0\" allow=\"accelerometer; autoplay; clipboard-write; encrypted-media; gyroscope; picture-in-picture; web-share\" referrerpolicy=\"strict-origin-when-cross-origin\" allowfullscreen><\/iframe>\n<\/div><\/figure>\n\n\n\n<h2 class=\"has-text-align-center has-vivid-cyan-blue-color has-text-color has-large-font-size wp-block-heading\"><strong>Toto \u00c9pisode n\u00b04 \u00abToto aide sa grand m\u00e8re\u00bb<\/strong><\/h2>\n\n\n\n<figure class=\"wp-block-embed is-type-video is-provider-youtube wp-block-embed-youtube wp-embed-aspect-16-9 wp-has-aspect-ratio\"><div class=\"wp-block-embed__wrapper\">\n<iframe loading=\"lazy\" title=\"TOTO \u00e9pisode 4 : Toto aide sa grand m\u00e8re !\" width=\"525\" height=\"295\" src=\"https:\/\/www.youtube.com\/embed\/rrOphASllJw?feature=oembed\" frameborder=\"0\" allow=\"accelerometer; autoplay; clipboard-write; encrypted-media; gyroscope; picture-in-picture; web-share\" referrerpolicy=\"strict-origin-when-cross-origin\" allowfullscreen><\/iframe>\n<\/div><figcaption class=\"wp-element-caption\"><strong>TO CONTINUE&#8230;&#8230;..<\/strong><\/figcaption><\/figure>\n","protected":false},"excerpt":{"rendered":"<p>Toto \u00c9pisode n\u00b01 \u00abDisparition des cadeaux\u00bb Toto \u00c9pisode n\u00b02 \u00abToto \u00e0 la p\u00eache et sauve le lac\u00bb Toto \u00c9pisode n\u00b03 \u00abLes vacances de Toto\u00bb Toto \u00c9pisode n\u00b04 \u00abToto aide sa grand m\u00e8re\u00bb<\/p>\n","protected":false},"author":1,"featured_media":0,"parent":0,"menu_order":0,"comment_status":"closed","ping_status":"closed","template":"elementor_header_footer","meta":{"footnotes":""},"class_list":["post-34","page","type-page","status-publish","hentry"],"_links":{"self":[{"href":"https:\/\/jeuxtoto.com\/index.php\/wp-json\/wp\/v2\/pages\/34","targetHints":{"allow":["GET"]}}],"collection":[{"href":"https:\/\/jeuxtoto.com\/index.php\/wp-json\/wp\/v2\/pages"}],"about":[{"href":"https:\/\/jeuxtoto.com\/index.php\/wp-json\/wp\/v2\/types\/page"}],"author":[{"embeddable":true,"href":"https:\/\/jeuxtoto.com\/index.php\/wp-json\/wp\/v2\/users\/1"}],"replies":[{"embeddable":true,"href":"https:\/\/jeuxtoto.com\/index.php\/wp-json\/wp\/v2\/comments?post=34"}],"version-history":[{"count":7,"href":"https:\/\/jeuxtoto.com\/index.php\/wp-json\/wp\/v2\/pages\/34\/revisions"}],"predecessor-version":[{"id":220,"href":"https:\/\/jeuxtoto.com\/index.php\/wp-json\/wp\/v2\/pages\/34\/revisions\/220"}],"wp:attachment":[{"href":"https:\/\/jeuxtoto.com\/index.php\/wp-json\/wp\/v2\/media?parent=34"}],"curies":[{"name":"wp","href":"https:\/\/api.w.org\/{rel}","templated":true}]}}